48?
2, 3, 7, 73
List the prime factors of 230907.
3, 19, 4051
What are the prime factors of 3958677?
3, 439853
List the prime factors of 161526.
2, 3, 26921
List the prime factors of 1355944.
2, 169493
What are the prime factors of 2716828?
2, 679207
What are the prime factors of 307679?
313, 983
What are the prime factors of 34786769?
2663, 13063
What are the prime factors of 178230?
2, 3, 5, 13, 457
List the prime factors of 262769.
13, 17, 29, 41
List the prime factors of 3280197.
3, 1093399
What are the prime factors of 1769546?
2, 19, 46567
What are the prime factors of 334382?
2, 167191
What are the prime factors of 98808?
2, 3, 23, 179
List the prime factors of 96879.
3, 43, 751
List the prime factors of 452714.
2, 226357
What are the prime factors of 297275?
5, 11, 23, 47
List the prime factors of 2898478.
2, 11, 131749
List the prime factors of 53476.
2, 29, 461
List the prime factors of 70121.
70121
List the prime factors of 30036942.
2, 3, 13, 23, 5581
What are the prime factors of 4275426?
2, 3, 712571
List the prime factors of 4226300.
2, 5, 13, 3251
List the prime factors of 577243.
61, 9463
What are the prime factors of 29109462?
2, 3, 4851577
List the prime factors of 261119.
23, 11353
What are the prime factors of 2227307?
2227307
List the prime factors of 661083.
3, 220361
List the prime factors of 3901868.
2, 263, 3709
List the prime factors of 2213537.
2213537
What are the prime factors of 13906560?
2, 3, 5, 7243
What are the prime factors of 3037203?
3, 13, 17, 509
What are the prime factors of 131331?
3, 43777
What are the prime factors of 329938?
2, 7, 23567
List the prime factors of 25466168.
2, 7, 13, 34981
List the prime factors of 6913397.
19, 29, 12547
What are the prime factors of 216971?
17, 12763
List the prime factors of 2161317.
3, 720439
List the prime factors of 4622852.
2, 13, 19, 4679
List the prime factors of 22513440.
2, 3, 5, 17, 31, 89
List the prime factors of 1062031.
1062031
What are the prime factors of 596439?
3, 66271
List the prime factors of 1077365.
5, 43, 5011
What are the prime factors of 109161?
3, 13, 311
What are the prime factors of 1627393?
17, 29, 3301
List the prime factors of 6109778.
2, 29, 105341
What are the prime factors of 48589?
48589
What are the prime factors of 2540553?
3, 846851
What are the prime factors of 1043627?
13, 80279
What are the prime factors of 145638?
2, 3, 29, 31
What are the prime factors of 611592?
2, 3, 17, 1499
List the prime factors of 144813.
3, 48271
List the prime factors of 1427781.
3, 475927
List the prime factors of 106711.
11, 89, 109
What are the prime factors of 3906279?
3, 13, 31, 359
What are the prime factors of 12651502?
2, 17, 139, 2677
List the prime factors of 7434414.
2, 3, 13, 31771
What are the prime factors of 1343300?
2, 5, 7, 19, 101
What are the prime factors of 104566?
2, 7, 11, 97
What are the prime factors of 15368751?
3, 569213
List the prime factors of 102714.
2, 3, 17, 19, 53
List the prime factors of 559.
13, 43
What are the prime factors of 5694624?
2, 3, 13
List the prime factors of 3455187.
3, 1151729
What are the prime factors of 382977?
3, 7, 6079
List the prime factors of 369883.
211, 1753
List the prime factors of 44572380.
2, 3, 5, 71, 10463
What are the prime factors of 55482?
2, 3, 7, 1321
List the prime factors of 595206.
2, 3, 43, 769
List the prime factors of 6699.
3, 7, 11, 29
List the prime factors of 5365835.
5, 643, 1669
What are the prime factors of 225528?
2, 3, 9397
List the prime factors of 34844659.
139, 250681
What are the prime factors of 846792?
2, 3, 19, 619
What are the prime factors of 48171?
3, 16057
List the prime factors of 1463930.
2, 5, 13, 11261
List the prime factors of 4304257.
31, 43, 3229
What are the prime factors of 296174?
2, 17, 31, 281
List the prime factors of 237755.
5, 7, 6793
List the prime factors of 1666438.
2, 833219
List the prime factors of 490540.
2, 5, 24527
List the prime factors of 167486.
2, 11, 23, 331
What are the prime factors of 50877?
3, 5653
List the prime factors of 440331.
3, 146777
What are the prime factors of 1490661?
3, 89, 1861
List the prime factors of 616949.
19, 1709
What are the prime factors of 493302?
2, 3, 82217
List the prime factors of 369799.
31, 79, 151
What are the prime factors of 753649?
13, 57973
List the prime factors of 8043926.
2, 11, 127, 2879
What are the prime factors of 3780421?
647, 5843
What are the prime factors of 6541104?
2, 3, 136273
What are the prime factors of 1015618?
2, 507809
What are the prime factors of 286262?
2, 41, 3491
List the prime factors of 715172.
2, 178793
What are the prime factors of 719831?
7, 17, 23, 263
What are the prime factors of 2778625?
5, 22229
List the prime factors of 213050.
2, 5, 4261
List the prime factors of 1123472.
2, 7, 1433
List the prime factors of 1304023.
7, 311, 599
List the prime factors of 376496.
2, 23531
List the prime factors of 208192.
2, 3253
List the prime factors of 6817365.
3, 5, 31, 181
What are the prime factors of 1454590?
2, 5, 145459
What are the prime factors of 3036788?
2, 41, 18517
List the prime factors of 202777.
202777
List the prime factors of 3586761.
3, 44281
List the prime factors of 1576697.
53, 71, 419
What are the prime factors of 654869?
131, 4999
What are the prime factors of 37654017?
3, 12551339
What are the prime factors of 1807653?
3, 602551
What are the prime factors of 19986922?
2, 9993461
What are the prime factors of 473780?
2, 5, 23689
What are the prime factors of 2941591?
191, 15401
List the prime factors of 120924.
2, 3, 3359
List the prime factors of 5752131.
3, 7, 11, 37, 673
What are the prime factors of 3803517?
3, 46957
List the prime factors of 3552351.
3, 11, 107647
List the prime factors of 28259262.
2, 3, 743, 2113
What are the prime factors of 528527?
528527
List the prime factors of 1412311.
131, 10781
What are the prime factors of 22789?
13, 1753
List the prime factors of 490632.
2, 3, 20443
What are the prime factors of 7432708?
2, 37, 50221
What are the prime factors of 1000422?
2, 3, 55579
What are the prime factors of 160909?
7, 127, 181
List the prime factors of 279683.
37, 7559
List the prime factors of 371437.
11, 33767
List the prime factors of 15809988.
2, 3, 29, 181, 251
List the prime factors of 47711.
47711
What are the prime factors of 13008264?
2, 3, 17, 31883
List the prime factors of 2596456.
2, 324557
List the prime factors of 59047.
137, 431
What are the prime factors of 128027?
17, 443
List the prime factors of 439173.
3, 7, 6971
List the prime factors of 368803.
368803
What are the prime factors of 1789825?
5, 71593
List the prime factors of 28373.
17, 1669
What are the prime factors of 22160624?
2, 1385039
List the prime factors of 26009788.
2, 7, 131, 1013
List the prime factors of 121306.
2, 131, 463
What are the prime factors of 7427879?
19, 31, 12611
List the prime factors of 32687.
32687
What are the prime factors of 482799?
3, 160933
What are the prime factors of 481109?
481109
What are the prime factors of 3104387?
11, 13, 17, 1277
What are the prime factors of 3347259?
3, 23, 139, 349
List the prime factors of 2514014.
2, 953, 1319
List the prime factors of 247340.
2, 5, 83, 149
What are the prime factors of 887274?
2, 3, 5477
What are the prime factors of 2179675?
5, 87187
What are the prime factors of 357237?
3, 101, 131
List the prime factors of 65806.
2, 13, 2531
What are the prime factors of 471566?
2, 235783
List the prime factors of 1018297.
7, 145471
What are the prime factors of 2760657?
3, 920219
List the prime factors of 609685.
5, 121937
What are the prime factors of 6361106?
2, 3180553
What are the prime factors of 5986753?
5986753
List the prime factors of 1413677.
1413677
List the prime factors of 1902105.
3, 5, 43, 983
What are the prime factors of 324901?
324901
List the prime factors of 197132.
2, 13, 17, 223
List the prime factors of 24896295.
3, 5, 184417
List the prime factors of 29410143.
3, 7, 59, 3391
List the prime factors of 406224.
2, 3, 7, 13, 31
What are the prime factors of 1944046?
2, 13, 74771
What are the prime factors of 1005362?
2, 709
What are the prime factors of 8635741?
23, 375467
List the prime factors of 399080.
2, 5, 11, 907
What are the prime factors of 629481